*p - w = w - d, -p = 4*w - 23. What are the prime factors of p?
3
Let h(t) = 5*t**2 - 2*t. Let s be h(-3). Suppose -6*a + s = -5*a. List the prime factors of a.
3, 17
Let c be (-52)/(-10) - 1/5. Let s(l) = -l + 7. Let g be s(c). List the prime factors of 2 + (g - 1) - 1.
2
Suppose -k + 87 = -207. What are the prime factors of k?
2, 3, 7
Let z(j) = -18*j + 1. Let w be z(-3). Suppose 45 + w = 4*y. List the prime factors of y.
5
Suppose 0 = -5*s - 3*l - 7 + 14, 0 = -2*s - 4*l. List the prime factors of s.
2
Let j(c) = 3*c + 7*c - 2 + c. Suppose 3*u + 4 = 3*i + 2*i, -4*i - 4*u = -16. List the prime factors of j(i).
2, 5
Let g(l) = -3*l - 4. Let k be g(-3). Let q(z) = 3*z - 5*z + k + 0*z**2 + z**2 - 6*z. List the prime factors of q(8).
5
Suppose d + 3*n = -d + 255, -3*d + 391 = -4*n. List the prime factors of d.
3, 43
Suppose h - 77 = 71. What are the prime factors of h?
2, 37
Let f(m) = 3*m - 3*m + 4*m**2 + 0*m. Let d be f(-1). Suppose -3*a + d*j + 38 = -0*j, 2 = 2*a + 2*j. What are the prime factors of a?
2, 3
Let d(f) = -4*f - 3. Let k be d(-4). Let c = k + -4. What are the prime factors of c?
3
Let c = 30 + -19. What are the prime factors of c?
11
Let t be 2 - ((-1)/(-1) - -11). List the prime factors of (-42)/(1 + t/4).
2, 7
Let a = 2 + -1. Suppose t + 6 = -2*z, z + a = -2*t - 2. List the prime factors of (1 - 2)/(z/24).
2
Let o(r) = r**2 - r + 2. Let k be o(0). Suppose 3*u + y - 9 = 0, 5*u + 2*y + k = 16. List the prime factors of (-4)/(-16) - (-35)/u.
3
Let s be 14/(-49) + 4/14. Let i(r) = -r**2 + 8. List the prime factors of i(s).
2
Let k = 4 + -4. Suppose -2*q = -q. Suppose 4*v + 2*t = 20, -4*v + k*v - 3*t + 22 = q. List the prime factors of v.
2
Let h be (-4)/2*(-4 - -3). Let n be -1 - -1 - h - -1. What are the prime factors of (-54)/(-4) + n/(-2)?
2, 7
Let d = -22 + 39. Let x = d + 24. What are the prime factors of x?
41
Let m(s) = 2*s**2 - s + 1. Let w(x) = 2*x**2 + 1. Let d(c) = -4*m(c) + 5*w(c). Let j be d(-3). Suppose -u + j = -2. List the prime factors of u.
3
Suppose 5*r = w - 64, 5 = 4*r + 1. Suppose 5*s = 3*d - 61, 6*d = 3*d + 3*s + w. List the prime factors of d.
3
Suppose r + 12 = -3*r. What are the prime factors of -2 - (-8 + r + 3)?
2, 3
Let v(p) = -3*p - 2. What are the prime factors of v(-9)?
5
Let p(w) = 4*w**2 - 2*w + 1. Let f be p(3). Let i = f + -19. List the prime factors of i.
2, 3
Suppose 0 = 4*i + 3*m + 53, 4*m = 2*i - 5*i - 38. What are the prime factors of (-45)/2*i/21?
3, 5
Let r = -29 + 60. What are the prime factors of r?
31
Suppose z - 1 = f - 2, 2*z + 4*f = 28. Let j = z + 1. Suppose 4*h + 10 = -j*v + 51, 0 = -3*h + 12. List the prime factors of v.
5
Let d be (-4)/(-18) - (-4)/(-18). Suppose d*k = -3*k - 90. Let l = -19 - k. List the prime factors of l.
11
Suppose 21 = 2*v + c - 4*c, 4*v = 4*c + 36. Suppose 7*j - 34 = v*j. What are the prime factors of j?
2, 17
Suppose 14 = -2*v - 0*v + 4*m, -3*m + 27 = 4*v. Suppose 0 = -5*l + 10, 4*f + 0 = -2*l + 4. Let s = v + f. What are the prime factors of s?
3
Let g(z) = 1. Let a(m) = -m**2 + 2*m + 4. Let r(d) = a(d) + 2*g(d). List the prime factors of r(0).
2, 3
Suppose 0 = 4*m - 7*m + 405. List the prime factors of m.
3, 5
Let s(j) = j**2 - 7*j + 6. Let n be s(8). Let x be (-18)/(n/(-8) - -1). Let v = x + -16. List the prime factors of v.
2
What are the prime factors of 1 - (0 + 0 + -24)?
5
Let p(a) = a + 9. Let m be p(-9). Let d be (m - 1) + (5 - 2). Suppose -4*h = -n + 1 - d, 5*n - 18 = -3*h. What are the prime factors of n?
3
Let k(w) = w**2 + 14*w + 3. List the prime factors of k(-17).
2, 3
Let y be 1/(-2) + (-4)/(-8). Suppose y = -5*s + 14 - 4. Suppose -j + s = 0, -7*j = -c - 3*j - 5. What are the prime factors of c?
3
Suppose 4*h + 0*h - 12 = 0. Let i(x) = x**3 - 2*x**2 - 2. List the prime factors of i(h).
7
Let a be (-220)/(-3)*(-18)/(-12). Suppose 156 = 5*t - 2*p - a, -2 = -p. What are the prime factors of t?
2, 3
Suppose -4*r + 12 = -8. Suppose -5*o + 316 = -2*w, 254 = 2*o + 2*o - 2*w. Suppose r*u - o = 13. What are the prime factors of u?
3, 5
What are the prime factors of 10/(-4)*((-3948)/(-10))/(-7)?
3, 47
Let w(z) = -z**2 + 8*z - 7. Let q be w(6). Suppose q*g = -18 + 58. Suppose -3*s = -g*s + 10. List the prime factors of s.
2
Let q = -122 - -216. What are the prime factors of q?
2, 47
Let j(l) = 3*l**2 + 3*l + 2. Let x be j(5). Suppose 0*h = 4*h - x. List the prime factors of h.
23
Suppose 4*g - 3*s = 32, -4*g + s + 32 = -0*s. Suppose -3*b + g = b. Suppose -3*c = b*c - 45. What are the prime factors of c?
3
Suppose -12*x = -10*x - 56. What are the prime factors of x?
2, 7
Suppose -2*i - 26 = -j + 3*i, -4*i = 8. List the prime factors of 1/(-4) + 100/j.
2, 3
Let m = 18 + -31. Let w = m - -22. List the prime factors of w.
3
Let j(o) = -11*o + 77. List the prime factors of j(-25).
2, 11
Let l = 54 + -21. What are the prime factors of l?
3, 11
Suppose -3*d + 25 = 2*d. Suppose d*o - p = 65, 3*p = -4*o + 2*o + 26. What are the prime factors of o?
13
Let g(x) = 2 - 5 - 3*x - 3. List the prime factors of g(-13).
3, 11
Suppose 0 = -4*c - 4*z + 32, -4*z = -2*c + 4 - 0. Let a = 23 + c. Let t = a - 13. List the prime factors of t.
2
Suppose 4*f + 20 = 4*w, -f + 4*w = -4*f - 50. Let n = -6 - f. Let b = 6 + n. List the prime factors of b.
2, 5
Let m(n) = -4*n + 18. What are the prime factors of m(-9)?
2, 3
Let y(n) = -3*n - 6. Let u = -3 + -1. What are the prime factors of y(u)?
2, 3
Let q(r) be the first derivative of r**2 - 4*r - 7. Suppose 0 = -5*f - 4*m + 8 + 1, -5*f = 3*m - 13. List the prime factors of q(f).
2, 3
Let x be -2 - (38 - 2) - 2. Let h = 34 - 57. Let r = h - x. List the prime factors of r.
17
Let c(n) = n**2 + 1. Suppose -4*o + 5*r - 33 = 0, 0 = 4*o - 2*r - 2*r + 28. List the prime factors of c(o).
5
Suppose 946 = 7*b + 43. List the prime factors of b.
3, 43
Let m = -30 + 4. What are the prime factors of m/(-4) + (-1)/2?
2, 3
Let j be (-15 - (-6)/2)/(-2). Suppose j*z - 40 = z. List the prime factors of z.
2
Suppose 2*o = -0*o + 10. Suppose -3*b - 2*q - 121 + 24 = 0, 4 = -b + o*q. Let s = b - -50. What are the prime factors of s?
3, 7
Suppose -6 = 4*x + 2, 0 = -4*g + 3*x + 14. Suppose l + 6*m - g*m + 8 = 0, 3*m = -3*l + 21. List the prime factors of l.
2, 3
Let f(j) = -j**3 + 7*j**2 - 5*j - 5. Let m be f(6). Let x be (-50)/(-8) - m/4. Suppose 5*i = x + 4. What are the prime factors of i?
2
Suppose -2*n + 3*m + 105 = n, n - 38 = 2*m. What are the prime factors of n?
2
Suppose 4*n - 5*w - 80 = 0, -2*n + 3*w = -w - 46. Let j be 85/n - (-2)/(-3). Suppose j*c - 15 - 45 = 0. What are the prime factors of c?
2, 3
Suppose -3*h - p + 137 = 23, -4*h + 4*p = -152. List the prime factors of h.
2, 19
Let q(g) = g**3 + 4*g**2 - 2*g - 2. Let w be q(-4). Suppose w = 3*f - 3. Suppose -2*n + f = 3*p - 4, 2*p + 38 = 4*n. What are the prime factors of n?
2
Let a = 3 - 0. What are the prime factors of -1 + 2 - a*-1?
2
List the prime factors of ((-936)/(-84))/(2/14).
2, 3, 13
Let c = 88 + -35. List the prime factors of c.
53
Let c(r) = -r**3 - 12*r**2 - 2*r - 27. Let y be c(-12). Let v(j) = 3*j**2 - j**2 + 0*j**2 + 2*j + 4. What are the prime factors of v(y)?
2
Let r(o) = -24*o - 18. What are the prime factors of r(-3)?
2, 3
Suppose -180 = -6*n - 18. What are the prime factors of n?
3
List the prime factors of ((-78)/12)/(1/(-2)).
13
Let g(a) = -2*a - 1. Let p be g(-2). What are the prime factors of ((-19)/(-4))/(p/12)?
19
Let c(f) = 3*f**2 + 1 + 1 + 2*f + f**3 - 3*f. Let o be c(-4). What are the prime factors of (-1 - 0)*o - 0?
2, 5
Let t = -25 - -91. What are the prime factors of t?
2, 3, 11
Let n(k) = -2*k - 4. Let u be n(3). List the prime factors of -1*(2 - 0)*u.
2, 5
Suppose -2 = -5*g + 4*g. Let u(v) = -4*v + 3*v + 1 + 6*v. What are the prime factors of u(g)?
11
Suppose -38 = -y - 4*x - 6, y = -5*x + 30. What are the prime factors of y?
2, 5
Let k(w) be the second derivative of -5*w**3/6 + 5*w**2/2 + 11*w. List the prime factors of k(-7).
2, 5
Suppose -6*u + 9 = -3*u. What are the prime factors of u?
3
Let n = 0 - -5. What are the prime factors of n?
5
Let p(y) = -y**2 + 9*y - 4. Let m be p(7). Let v = m + 10. What are the prime factors of v?
2, 5
List the prime factors of (-78)/(-4) + (-3)/(-2).
3, 7
Let q = 20 + -31. Let y = -5 - q. What are the prime factors o